n = -4*t + 4*x, 8*x = 3*t + 3*x + 3. What is the units digit of t?
4
Suppose 95 = 9*l - 40. What is the units digit of -5*(624/l)/(-4)?
2
Let i = 19 - 15. Suppose -i*y + 196 = -4*v, y + 2*y - 142 = 2*v. What is the units digit of y?
4
Suppose 0 = -10*a + 5*a - 230. Let p = a - -67. What is the units digit of p?
1
Suppose 4*t + 3*z - 1478 = 0, 339 = 2*t - 3*z - 409. What is the hundreds digit of t?
3
Let t be -11 + 9 - 11*1. Let g(m) = -5*m - 10. What is the tens digit of g(t)?
5
Suppose 0*v - 21 = -2*v + 5*l, -v + 2*l + 9 = 0. Let d be (8/6 + 3)*v. Suppose -d = r - 14. What is the units digit of r?
1
Let k = -15 - -157. Let j = 259 - k. What is the hundreds digit of j?
1
Let o(n) = n**3 - 7*n + 65*n**2 + 4 + 9 - 54*n**2 + 0*n**3. What is the tens digit of o(-7)?
5
What is the units digit of (-146640)/(-338) + -1*4/(-26)?
4
Suppose -5*x - b + 10897 = 0, 7204 = 4*x + 2*b - 1516. What is the thousands digit of x?
2
Let x(i) = 2*i + 515. What is the hundreds digit of x(0)?
5
Suppose -5*h + 130 + 486 = g, 0 = -5*g - 2*h + 3172. What is the hundreds digit of g?
6
Let l(i) = -i**2 - i - 15. Let z be l(0). Let y = -10 - z. Suppose y*j - 10 = 0, j = -o + 2*j + 9. What is the tens digit of o?
1
Suppose 15*b - 1939 = 356. What is the tens digit of b?
5
Let i be (-4)/16 - 3474/(-8). Let p = i - -60. What is the units digit of p/16 - (-9)/72?
1
What is the tens digit of (-87*4/(-8))/(2/4)?
8
Let i = -3 + -2. Let z = i - -2. What is the units digit of ((-5)/3)/(1/z)?
5
Let z(o) = o**2 + 91*o + 352. What is the hundreds digit of z(0)?
3
Suppose 72 = 10*s - 7*s. Let m = s - 13. Let z = 41 - m. What is the tens digit of z?
3
Let c be (-6)/(-5) - 8/40. Let w(l) = -l**3 + 15*l**2 + 3*l - 10. Let g be w(15). Suppose -g = -2*r + c. What is the units digit of r?
8
Suppose -3*o - 12 = -0*o. What is the tens digit of o/6 + 1490/30?
4
Let c = -28 + 28. Suppose -5*f + c*i = i - 915, -4*f = 2*i - 738. What is the units digit of f?
2
Let s(a) = 10*a + 96. What is the tens digit of s(6)?
5
Let z = -199 - -119. Let a be (z/(-16))/(2/4). Suppose -5*b + a*b = 5. What is the units digit of b?
1
Let k(i) = 0 + 11 + 4 + 44*i. What is the tens digit of k(6)?
7
Let a = -143 - -136. What is the tens digit of (-96 - 0)*a/((-28)/(-12))?
8
Let l(a) = -a**3 - 2*a**2 + 5*a + 6. Let y be l(-3). Let r(f) = f + 1. Let u be r(-1). What is the units digit of 44/(2 - (u - y))?
2
Let n = -11 + 11. Suppose 3*h - h - 10 = n. Suppose 0 = 3*c - h*t - 100, 2*t + 8 = -2*t. What is the units digit of c?
0
Suppose 2334 - 475 = 3*d + 5*g, -4*d + 2448 = -g. What is the tens digit of d?
1
What is the units digit of (861/6 + 1)*2/1?
9
Let n(g) = g + 18. Let w be n(11). Suppose 34*r = w*r + 770. What is the hundreds digit of r?
1
Let f(p) = 1012*p - 233. What is the units digit of f(2)?
1
Let i(h) be the second derivative of -1/3*h**4 + 0 - 1/2*h**2 - 1/20*h**5 + h + 0*h**3. What is the tens digit of i(-5)?
2
Let i(l) = -l**2 - 8*l - 7. Let q be i(-8). Let j = 15 + q. Suppose 0 = -3*o + 23 - j. What is the units digit of o?
5
Let f(j) = -j**3 - j**2 + j + 1. Let i(q) = 7*q**3 - 3*q**2 + 4*q + 5. Let u(v) = -5*f(v) + i(v). Let y be u(2). Let r = y + -43. What is the tens digit of r?
5
Let k = 18 + -9. Suppose -k = -j - 2*j. Suppose v = -v, j*w = -2*v + 90. What is the units digit of w?
0
Suppose -3*x + 1 = -8. Suppose x*y - 133 = -4*w, 0*w + 3*w = -5*y + 86. What is the tens digit of w?
3
Let h(y) = y**3 + 2*y**2 - y + 1. Let m be h(1). What is the units digit of (639/m)/3 - -2?
3
What is the units digit of ((-3)/30*-115)/((-1)/(-36))?
4
Let c be ((-5)/(-4))/(2*(-1)/(-72)). Let y = 6 + c. What is the tens digit of y?
5
Let z be (-744)/36*6/(-4). Suppose -3*r + c - 19 = 0, -5*c + 0*c + 7 = -4*r. Let y = z + r. What is the units digit of y?
3
Suppose -2*f + 0*f - 1600 = -4*z, 0 = -z + 3*f + 410. What is the tens digit of z?
9
Let f = 36 - 34. Suppose -121 + 21 = -f*u. What is the tens digit of u?
5
Let n = -22 - -38. Let s = -51 - -43. Let l = n + s. What is the units digit of l?
8
Let r be 1*-2 - 147*10/15. What is the units digit of (r/16)/((-5)/20)?
5
Let d = 64 - 51. Suppose 46 = -12*l + d*l. What is the units digit of l?
6
Let k = -363 - -517. What is the units digit of k?
4
Let g(x) = 5*x - 5. Suppose -t = 3*q + 2*t - 15, -5*t = -3*q + 55. What is the tens digit of g(q)?
4
Suppose -22 = 4*w - 710. Let h = w - 103. What is the units digit of h?
9
Let h(t) = t**2 - 4*t. Let g be h(8). Suppose -13*l = -15*l + g. What is the tens digit of l?
1
Let h(x) = x - 6. Let w be h(8). Let v be 8*(w - 28/16). What is the units digit of -4 - (-4 - 4) - v?
2
Suppose 4*f - 11604 = -4*s, -29*f + 25*f = -s + 2896. What is the thousands digit of s?
2
Let z = 1825 - 1209. Let u = -422 + z. What is the tens digit of u?
9
Suppose -3*j + 6*f - 2*f - 28 = 0, 5*f = 5*j + 40. Let k be (-4)/8 - (-50)/j. Let v = k + 33. What is the tens digit of v?
2
Suppose -p + 5*m + 20 = 0, -3*p - 5*m + 13 = -27. Let b(j) = j**2 - 10*j + 37. What is the units digit of b(p)?
2
Let p = -56 + 90. Suppose -3*x + 2*x + p = 0. What is the units digit of x?
4
Let u(j) = -j + 13. Let z be u(11). Let b be (30/(-7))/(z/(-7)). Suppose -3*g + b = 2*g. What is the units digit of g?
3
What is the hundreds digit of -4*8/64 - (-1181)/2?
5
Suppose 5*n + 4*h = 8058, 1 - 3 = -h. Suppose -1064 = -4*u - 4*m, 5*u - 5*m - n = -320. What is the tens digit of u?
6
Let j(p) = -p**2 - 94*p - 85. What is the thousands digit of j(-54)?
2
Suppose 65 = r + 5*i, i + 119 = -r + 3*r. Suppose 0 = u + 3*y - 23, 4*u - r = -0*u + 4*y. What is the tens digit of u?
1
Suppose 4*o = 4*v + 4, 3*o - 2*v + 4 = 9. Suppose -o*z = -x - 9 - 86, -x = 5*z - 153. What is the tens digit of z?
3
Let b be (1/3)/(4/(-36)). Let r be (-3)/12 - b/12. Suppose r = -d + h + 2, -12 = -8*h + 4*h. What is the units digit of d?
5
Suppose 35*v - 31*v = -j + 4857, 3*j - 1228 = -v. What is the thousands digit of v?
1
Let o = 1817 + 95. What is the hundreds digit of o?
9
Suppose 0 = s - 4*a + 17, -3*a + 15 = -4*s - 14. What is the units digit of 3/s + (-9659)/(-65)?
8
Suppose -5*b - 3189 = -2*d, -2*d = -b - 1387 - 1806. What is the tens digit of d?
9
Let i(h) = h**3 + 10*h**2 - 16*h - 2. Suppose -2*d - 32 = -2*y, 4*y = 5*d - 20 + 95. What is the tens digit of i(d)?
5
Let y(s) = s**2 + 5*s + 5. Let p be y(5). Let l be ((-4)/(-10))/(((-66)/540)/11). Let k = l + p. What is the tens digit of k?
1
Let h be ((-9)/(-27))/((-2)/(-18)). Suppose -h*v = -2*f + 142, 53 = 3*f - 3*v - 157. What is the tens digit of f?
6
Suppose -572 = -b - 3*s - 104, -2*s = -4*b + 1830. What is the hundreds digit of b?
4
Let j = 38 - 18. Suppose 0*u = 4*u - j. Suppose v - 11 = -u. What is the units digit of v?
6
Let r(l) = l**3 + 9*l**2 + 12*l + 7. Let q(h) = -4*h**3 - 35*h**2 - 49*h - 27. Let u(n) = 2*q(n) + 9*r(n). What is the units digit of u(-7)?
5
Let i be ((-40)/75*3)/((-4)/10). Suppose h = -w + 14 + 115, i*w + h - 513 = 0. What is the tens digit of w?
2
Let t be ((-124)/10)/(2/(-10)). Suppose 4*d - t = 5*z - 0*d, -4*z - 2*d = 34. Let s = z - -49. What is the tens digit of s?
3
What is the tens digit of ((-24)/4)/(3*1/(-90))?
8
Suppose -37*u = -26*u - 21846. What is the hundreds digit of u?
9
Let n(b) = -4*b - 13. Let t be n(-4). Suppose f + f = t*s + 278, 0 = -f + 5*s + 139. What is the hundreds digit of f?
1
Suppose 10*k - 34 = 496. Suppose -5*i = -227 - k. What is the tens digit of i?
5
Let r = 2028 - 1587. What is the tens digit of r?
4
Let u = -1649 + 3105. What is the thousands digit of u?
1
What is the units digit of ((-64)/10)/(18/(-495))?
6
Let d(c) = c + 14. Let b be d(-8). Suppose -615 = -b*i + i. Let f = i + -70. What is the tens digit of f?
5
Let m(j) = -j**2 - 3*j + 3. Let t be m(-3). Let r = 305 + -304. What is the units digit of ((-4)/2)/(r - t)?
1
Suppose 3*w = 2*w - 3*t + 72, -3*t + 297 = 4*w. Suppose -3*d = -2*d - 2. Suppose -d*f + 5*j = 2*f - 165, -2*f = 5*j - w. What is the units digit of f?
0
Let a(q) = 12*q. Let b(d) = d**3. Let h be b(1). Let l be a(h). Suppose 3*v - 6 - l = 0. What is the units digit of v?
6
Suppose 2 = 5*b - 4*b. Suppose 2*g = 5*i - 647 - 171, 4*i = -b*g + 658. Suppose 4*q - 140 = -4*x, i = 4*q - x - 3*x. What is the units digit of q?
8
Suppose 3*k = -5*s - 20 + 384, -2*k = 4. What is the t